5658.
2, 3, 17, 431
List the prime factors of 8907955.
5, 7, 103, 353
List the prime factors of 223624.
2, 27953
What are the prime factors of 554717?
113, 4909
What are the prime factors of 442836?
2, 3, 12301
List the prime factors of 1475754.
2, 3, 7, 41, 857
List the prime factors of 108948.
2, 3, 7, 1297
What are the prime factors of 452442?
2, 3, 75407
List the prime factors of 24349520.
2, 5, 13, 1801
List the prime factors of 1483796.
2, 370949
What are the prime factors of 10461762?
2, 3, 59, 9851
List the prime factors of 2978946.
2, 3, 167, 991
List the prime factors of 1094322.
2, 3, 182387
List the prime factors of 2800180.
2, 5, 140009
List the prime factors of 1685146.
2, 359, 2347
List the prime factors of 24230.
2, 5, 2423
What are the prime factors of 756013?
211, 3583
What are the prime factors of 890323?
7, 127189
What are the prime factors of 23855908?
2, 1279, 4663
List the prime factors of 4760339.
137, 34747
List the prime factors of 2775089.
31, 89519
What are the prime factors of 12773682?
2, 3, 709649
List the prime factors of 23274517.
7, 37, 73, 1231
What are the prime factors of 172482?
2, 3, 17, 19, 89
List the prime factors of 1317394.
2, 13, 23, 2203
List the prime factors of 8623.
8623
What are the prime factors of 567915?
3, 5, 37861
What are the prime factors of 715182?
2, 3, 13, 53, 173
List the prime factors of 8376893.
7, 170957
What are the prime factors of 237651?
3, 37, 2141
What are the prime factors of 5834838?
2, 3, 972473
What are the prime factors of 580540?
2, 5, 29027
What are the prime factors of 449604?
2, 3, 23, 181
What are the prime factors of 747353?
53, 59, 239
What are the prime factors of 977067?
3, 7, 13, 1193
What are the prime factors of 980698?
2, 59, 8311
What are the prime factors of 425172?
2, 3, 11, 3221
What are the prime factors of 1569563?
643, 2441
What are the prime factors of 879520?
2, 5, 23, 239
What are the prime factors of 4065241?
4065241
What are the prime factors of 93757?
29, 53, 61
What are the prime factors of 383418?
2, 3, 7, 17, 179
List the prime factors of 1282183.
7, 137, 191
List the prime factors of 7680748.
2, 1920187
What are the prime factors of 19037125?
5, 152297
List the prime factors of 1052043.
3, 23, 79, 193
What are the prime factors of 156039?
3, 13, 4001
List the prime factors of 2080757.
7, 297251
List the prime factors of 27248046.
2, 3, 7, 648763
What are the prime factors of 1488676?
2, 7, 79, 673
What are the prime factors of 319816?
2, 7, 5711
What are the prime factors of 26974805?
5, 11, 13, 31, 1217
What are the prime factors of 7830710?
2, 5, 17, 73, 631
What are the prime factors of 21490?
2, 5, 7, 307
What are the prime factors of 15081?
3, 11, 457
What are the prime factors of 8952018?
2, 3, 53, 28151
List the prime factors of 3252116.
2, 7, 19, 6113
What are the prime factors of 21827081?
61, 179, 1999
List the prime factors of 7726559.
19, 406661
What are the prime factors of 2323536?
2, 3, 48407
List the prime factors of 293419.
7, 167, 251
What are the prime factors of 2516878?
2, 7, 13, 13829
List the prime factors of 93119.
13, 19, 29
List the prime factors of 7853381.
53, 71, 2087
List the prime factors of 167141.
13, 23, 43
List the prime factors of 1996276.
2, 17, 31, 947
List the prime factors of 183897.
3, 7, 139
What are the prime factors of 10538582?
2, 1063, 4957
What are the prime factors of 922543?
139, 6637
List the prime factors of 89765.
5, 13, 1381
What are the prime factors of 182184?
2, 3, 7591
List the prime factors of 886485.
3, 5, 113, 523
What are the prime factors of 586611?
3, 65179
What are the prime factors of 131505?
3, 5, 11, 797
What are the prime factors of 12087164?
2, 173, 17467
What are the prime factors of 222610?
2, 5, 113, 197
What are the prime factors of 706214?
2, 17, 20771
What are the prime factors of 242476?
2, 13, 4663
List the prime factors of 2498468.
2, 7, 89231
List the prime factors of 4047281.
7, 578183
What are the prime factors of 257679?
3, 28631
List the prime factors of 3083738.
2, 7, 19, 11593
List the prime factors of 3089540.
2, 5, 179, 863
What are the prime factors of 198262?
2, 99131
List the prime factors of 1443983.
43, 33581
What are the prime factors of 1237611?
3, 412537
What are the prime factors of 840851?
11, 76441
What are the prime factors of 7379477?
7, 269, 3919
List the prime factors of 2053584.
2, 3, 13, 1097
List the prime factors of 440211.
3, 19, 7723
What are the prime factors of 5543077?
41, 135197
What are the prime factors of 246161?
37, 6653
What are the prime factors of 14347093?
14347093
What are the prime factors of 701253?
3, 7, 11131
What are the prime factors of 250651?
47, 5333
What are the prime factors of 3840852?
2, 3, 263, 1217
What are the prime factors of 21678?
2, 3, 3613
What are the prime factors of 3483?
3, 43
List the prime factors of 34343421.
3, 7, 1635401
What are the prime factors of 265691?
47, 5653
List the prime factors of 13110586.
2, 967, 6779
What are the prime factors of 31527?
3, 31, 113
List the prime factors of 3609751.
89, 40559
List the prime factors of 1473674.
2, 239, 3083
List the prime factors of 5507070.
2, 3, 5, 183569
List the prime factors of 837190.
2, 5, 83719
What are the prime factors of 5238301?
5238301
List the prime factors of 560696.
2, 109, 643
What are the prime factors of 33243?
3, 7, 1583
List the prime factors of 213936.
2, 3, 4457
List the prime factors of 3095909.
223, 13883
What are the prime factors of 3665869?
3665869
List the prime factors of 389880.
2, 3, 5, 19
What are the prime factors of 1081816?
2, 29, 4663
What are the prime factors of 8166851?
7, 11, 17, 367
List the prime factors of 154281.
3, 51427
List the prime factors of 614670.
2, 3, 5, 7, 2927
What are the prime factors of 137232?
2, 3, 953
What are the prime factors of 468994?
2, 421, 557
List the prime factors of 4603526.
2, 73, 31531
What are the prime factors of 1318697?
1318697
List the prime factors of 150305.
5, 23, 1307
What are the prime factors of 1670261?
163, 10247
What are the prime factors of 8490415?
5, 281, 6043
What are the prime factors of 953178?
2, 3, 158863
What are the prime factors of 15191791?
157, 96763
What are the prime factors of 3529353?
3, 17, 69203
List the prime factors of 3766546.
2, 7, 269039
What are the prime factors of 4991264?
2, 61, 2557
What are the prime factors of 42621?
3, 14207
What are the prime factors of 10265772?
2, 3, 11, 83, 937
List the prime factors of 9201695.
5, 457, 4027
What are the prime factors of 901880?
2, 5, 7, 3221
What are the prime factors of 9722221?
29, 335249
What are the prime factors of 159913?
13, 12301
List the prime factors of 2307231.
3, 85453
List the prime factors of 3820755.
3, 5, 179, 1423
List the prime factors of 2481.
3, 827
List the prime factors of 126457.
126457
List the prime factors of 1018388.
2, 7, 37, 983
What are the prime factors of 2527279?
2527279
What are the prime factors of 6160413?
3, 7, 31, 9463
List the prime factors of 5027370.
2, 3, 5, 113, 1483
List the prime factors of 1930090.
2, 5, 193009
List the prime factors of 4136321.
7, 17, 34759
List the prime factors of 1275856.
2, 23, 3467
What are the prime factors of 45768?
2, 3, 1907
List the prime factors of 14196045.
3, 5, 41, 563
What are the prime factors of 94764?
2, 3, 53, 149
What are the prime factors of 321871?
11, 29, 1009
List the prime factors of 3706842.
2, 3, 67, 9221
List the prime factors of 2268581.
7, 19, 37, 461
List the prime factors of 1163248.
2, 23, 29, 109
What are the prime factors of 950513?
19, 2633
What are the prime factors of 476769?
3, 158923
What are the prime factors of 4021432?
2, 151, 3329
List the prime factors of 1311545.
5, 461, 569
What are the prime factors of 182163?
3, 41, 1481
List the prime factors of 3729516.
2, 3, 7, 29, 1531
List the prime factors of 270415.
5, 54083
List the prime factors of 26757855.
3, 5, 23, 103, 251
What are the prime factors of 944598?
2, 3, 157433
What are the prime factors of 1202095?
5, 23, 10453
List the prime factors of 200661.
3, 211, 317
What are the prime factors of 476124?
2, 3, 11, 3607
What are the prime factors of 9399658?
2, 197, 23857
What are the prime factors of 1574816?
2, 29, 1697
What